e (-11)/(-3) + (-8)/(-6). Suppose b*a = 3*g + 3*a - 12741, -4264 = -g - 5*a. Is g prime?
False
Suppose 0 = -h - 2*u, -3*u - 3 = -h + 12. Suppose 5*p - h*p = -2. Suppose -339 = -5*l + p*l. Is l a prime number?
True
Let q = -5366 + 7819. Suppose i = 2*i - q. Is i composite?
True
Let d = -134 + 137. Suppose -d*n + 1973 = -2170. Is n prime?
True
Suppose 0 = p + 6. Let u(q) be the second derivative of 13*q**4/3 + q**3/3 - 17*q**2/2 - 3052*q. Is u(p) composite?
True
Suppose 20 = 4*w + y, -5*y = -4*y - 4. Suppose 0 = 4*m + 2*h - 2564, w*m - 5*h + h = 2564. Is m prime?
True
Suppose -19*h + 4*h = -30*h + 2455935. Is h composite?
False
Suppose 58*k + 142907 = 1019229. Is k prime?
False
Let d = 98 + -185. Let r = d - -90. Suppose -5*t = -3*c + 3592, 0 = c - 5*c + r*t + 4771. Is c a composite number?
True
Let m = 9129 - 5887. Suppose s = 4*d - 5*d - 654, -m = 5*s - 2*d. Let u = s - -2343. Is u a composite number?
False
Let j = 18812 - -29638. Suppose -14*b + 18*b + 5*s = j, 4 = -2*s. Is b prime?
False
Let d = 361 + -367. Is 292 - ((-12 + d)/6)/1 prime?
False
Suppose 19671*r = 19676*r - 1065605. Is r a prime number?
False
Suppose 6*y = -2*y - 16. Let v be y/6 - 153/27. Let f(t) = 16*t**2 + 6*t + 1. Is f(v) a prime number?
True
Suppose 26796592 + 45714151 = 23*f. Is f a composite number?
False
Let n = 14734 + -4025. Is n a composite number?
False
Suppose -13*t + 3 = -8*t - 3*s, -t - 13 = -4*s. Let d(x) = 25*x**3 + x**2 + 6*x - 5. Is d(t) a prime number?
False
Let i = 7830 - 18363. Let h = i + 35782. Is h a prime number?
False
Let i = 181 - 176. Suppose 0 = -x - 2*b + 1229 - 100, 2*b = -i*x + 5605. Is x prime?
False
Let j = 53890 + 1393. Is j a composite number?
True
Let j(m) = m**3 + 8*m**2 - 9*m - 1. Let h = 31 + -40. Let y be j(h). Is (y/7 + 1216/(-112))*-1 a composite number?
False
Suppose 4*l - 2*v = -8, -l - 6*v + 2*v = 20. Let f be 2/l*((-563)/1 + -1). Suppose -3*c = 33 - f. Is c a prime number?
True
Let t = 34070 - -379793. Is t a composite number?
False
Let m = 420 + -411. Suppose u = -3, -m*a + 3*u - 73067 = -13*a. Is a a composite number?
False
Let b(v) = 1797*v + 3. Let s be b(15). Suppose 83*x + s = 89*x. Is x composite?
False
Is -7*11/(-33)*148431 composite?
True
Suppose -2*q - 5*m = 170, 3*m = -2*q - 238 + 76. Let v(k) = 3*k**2 - 4*k + 9. Let z be v(8). Let p = q + z. Is p prime?
False
Let t be (-23)/(-46)*(0 - -150)*1. Let w = t + -81. Let p(m) = 18*m**2 - 7*m - 17. Is p(w) a composite number?
False
Let k be (-4 - -4 - -978) + 2. Suppose -r + 2*q + k + 2787 = 0, 0 = -3*r - q + 11301. Suppose r = -0*c + 3*c + 2*j, -5026 = -4*c - 2*j. Is c prime?
True
Suppose -4*x + 7*h - 5*h = -18350, 9187 = 2*x - 5*h. Suppose -5*o + 11465 = 5*z, 2*o + 2*z = 4*z + x. Is o prime?
True
Suppose 2*k + 4*x = 8078, 5*x = 3*k + 10*x - 12117. Suppose 159 = 4*r + k. Let z = r - -1749. Is z a composite number?
True
Suppose 2*y - 6*y - 481124 = -4*p, -3*p - 9*y + 360843 = 0. Is p a prime number?
False
Let p(i) = -78*i**3 + i**2 - i + 4. Let m be p(-2). Suppose 0 = -5*h + d - m - 4781, -3*d - 1067 = h. Let f = -391 - h. Is f prime?
True
Is 21/(-133) + (-17405946)/(-171) a composite number?
False
Let h(w) = w**2 + 23*w - 39. Let b be h(-27). Suppose 0 = -2*d + b - 187. Let a = 90 + d. Is a a composite number?
False
Let b = -732 - -734. Suppose -a = -f + 2925, 7*f = -b*a + 17032 + 3461. Is f composite?
False
Let q(m) = -10620*m - 31. Let u be q(-3). Suppose -33*n + 26*n + u = 0. Is n prime?
True
Let y be (161/69)/((-2)/(-12)) + -2. Let m(d) = 2*d**3 - 2 - 27*d**2 + 4*d + 4*d**2 + 3*d. Is m(y) a prime number?
False
Is (((0 + -11379)*1)/((-41)/41))/1 composite?
True
Suppose 13*u = 16*u + 84. Let l be (-593)/(-5) - 18/30. Let y = l - u. Is y a prime number?
False
Let f = 267915 - 131224. Is f prime?
True
Suppose 0 = -5*i + 2*i + 4*p + 1319, 3*p - 885 = -2*i. Let g = i + -292. Is g prime?
True
Suppose -60*n + 57*n + 12 = 0. Let j(c) = 14*c**2 - c + 6. Let s be j(n). Suppose 30*d = 28*d + s. Is d a composite number?
False
Let v(p) be the second derivative of -6*p**3 - 23*p**2/2 + 2*p. Is v(-12) composite?
False
Let o = -7071 - -695. Is 1*o/12*-3 a prime number?
False
Let j(d) = 621*d**2 + 2*d + 7. Let c be j(-3). Suppose z = -4*z + 5*a + c, -3*z + a = -3348. Is z prime?
False
Suppose -102 = -34*x + 28*x. Let y(n) = n**3 - 7*n**2 + 49. Is y(x) a prime number?
True
Let w(i) = -236*i**3 + 2*i + 2 - 284*i**3 + 1. Suppose 3*d = 6*d + 3. Is w(d) composite?
False
Let f = -16 + 23. Suppose f*h - 685 - 3697 = 0. Let i = h - 391. Is i a prime number?
False
Let f be 1 + (3/3 - -3 - 6). Let u be (f - -7)/2 - 0/1. Suppose 8 = 4*k, 0 = 2*r - r - u*k - 2147. Is r a composite number?
False
Let x(f) = f**2 - 12*f - 10. Let o be x(13). Let w be o - (3058*-3)/(-3). Let b = -726 - w. Is b a composite number?
True
Let f(z) = -46*z**3 - 22*z**2 - 340*z - 5373. Is f(-16) a prime number?
True
Let n(s) = 8*s**3 + 18*s**2 + 17*s - 9. Let d be n(13). Suppose -5*y + 5*f + d = 0, -3*y - 5*f + 3869 = -8597. Is y a composite number?
True
Let n(c) = c**3 + 4*c**2 - 6*c + 12. Let a = -10 - -15. Let u be n(a). Suppose 13*t - 274 = u. Is t a prime number?
True
Suppose -3*h - 3*p = -15, p - 7 = -2*h - 2. Suppose 0 = 2*y + 2*s - h*s - 504, 0 = y - s - 262. Let w = y - 96. Is w prime?
False
Suppose -4*d - 2*a - 23137 + 83393 = 0, 2*a = 5*d - 75311. Is d a prime number?
False
Suppose 2*p + h - 2*h - 33 = 0, -46 = -3*p + 5*h. Suppose r + p*r - 34038 = 0. Is r a composite number?
True
Suppose 4*t = m + 8262, -19*m - 10322 = -5*t - 15*m. Let s = 3537 - t. Is s a prime number?
True
Let p(t) = 5*t**2 - 5*t - 1. Let s be p(5). Let d = s + -91. Suppose 2*x = -d*x + 19450. Is x composite?
True
Is (9 + (-2761587)/(-36))*(4 - (-1 + 1)) a composite number?
True
Let j = 1878 - 634. Let o(q) = q**3 + 6*q**2 - 2*q - 9. Let a be o(-6). Suppose -j = s - a*s. Is s a prime number?
False
Suppose -5*v = 5*c + 125, v = 3*c + 2*c - 13. Let w(a) = a**3 + 24*a**2 + 23*a + 2. Let t be w(v). Suppose t*z + 3544 = 10*z. Is z prime?
True
Let p be 2144/6*(-10)/((-680)/(-1071)). Let z = 2970 + -6799. Let j = z - p. Is j composite?
True
Suppose 4*i - 11 = -5*k, 5*i - 2 + 7 = 0. Suppose k*p = 15783 - 1443. Suppose p = o + 3*o. Is o prime?
False
Let u(o) = 70*o**3 + o**2 + 20*o + 1. Let f be u(6). Suppose 3*w + 4*d - 15287 = 0, -3*w - d - d + f = 0. Is w composite?
True
Is (-533050)/(-6) + ((-140)/3)/(-35) prime?
True
Let l(u) = 9*u**3 + 4*u**2 - 3*u - 22. Let f be l(8). Let q = f - -845. Is q prime?
False
Let l(o) = -13*o - 4. Let v be l(1). Let j = v + -3. Let n(g) = -g + 13. Is n(j) prime?
False
Suppose 0 = -m + 2*y + 22 - 4, 2*y = -8. Let r = -128 - -1942. Suppose m*b - 8*b = r. Is b a prime number?
True
Let v(r) = 164*r**2 + r + 454. Let w(y) = -54*y**2 - y - 151. Let n(i) = -2*v(i) - 7*w(i). Is n(-10) composite?
False
Is 1/13 - 11169732168/(-5447) prime?
True
Suppose -8 - 4 = -3*s - 2*c, -5*c = s - 17. Let z be (8/4 - -1)*(-2)/s. Let m(l) = l + 14. Is m(z) a composite number?
False
Suppose -36*m = -16*m - 1904060. Is m composite?
False
Let w(i) = -500*i**3 + 5*i**2 + 5*i - 1. Let l be w(-3). Suppose -3*h = 9, -2*b + 2*h + 3*h + l = 0. Is b a composite number?
True
Is (-21658)/(-1) - ((-2)/11 + 775/(-275)) a prime number?
True
Is 55290 + (-10)/(-8) + (-32)/128 a prime number?
True
Suppose -124*n + 11371 = -6981. Suppose -3*t + 135 = -96. Let f = n - t. Is f a prime number?
True
Let s be (4/3)/(10/45*2). Suppose 2*u - 5*g = 1282, s*u - 2*g - 13 - 1888 = 0. Is u prime?
True
Suppose 4*d + l = 206307, d + 3*l - 51580 = 6*l. Is d a prime number?
True
Suppose 391*q - 388*q - 12 = 0, z - 4*q = 953307. Is z composite?
True
Suppose -3*m + 1 = -23. Suppose -12 = 2*s - m*s. Suppose 2343 = a + s*a. Is a a prime number?
False
Let r(k) = -k**3 + 20*k**2 - 12*k + 9. Let f be r(13). Suppose 2*x + 4*j + f = -0*j, -j + 512 = -x. Let l = -303 - x. Is l a composite number?
False
Suppose 1 = -5*m + 91. Suppose 5*k - m = -k. Suppose 3*o + y = 480, k*o - 471 = -6*y + 2*y. Is o a prime number?
False
Let o(a) = -3886*a - 2. Let v be o(2). Let m = v - -11367. Is m a prime number?
True
Let b(q) = 4*q**3 - 42*q**2 + 22*q + 949. Is b(36) composite?
True
Suppose -5*h - 14*l + 16*l + 153041 = 0, -2*h + l = -61217. Is h a composite number?
True
Suppose -9 - 4 = -h + b, -5